{"id":12518,"date":"2016-06-06T21:07:03","date_gmt":"2016-06-06T21:07:03","guid":{"rendered":"http:\/\/fpluso.com\/en\/breathing-cycle\/"},"modified":"2018-12-31T16:10:06","modified_gmt":"2018-12-31T16:10:06","slug":"breathing-cycle","status":"publish","type":"page","link":"https:\/\/fpluso.com\/en\/breathing-cycle\/","title":{"rendered":"Breathing cycle"},"content":{"rendered":"<div class=\"fusion-fullwidth fullwidth-box fusion-builder-row-1 nonhundred-percent-fullwidth non-hundred-percent-height-scrolling\" style=\"background-color: #FFFFFF;background-position: left top;background-repeat: no-repeat;padding-top:20px;padding-right:0px;padding-bottom:20px;padding-left:0px;margin-bottom: 0px;margin-top: 0px;border-width: 0px 0px 0px 0px;border-color:#EAE9E9;border-style:solid;\" ><div class=\"fusion-builder-row fusion-row\"><div class=\"fusion-layout-column fusion_builder_column fusion-builder-column-0 fusion_builder_column_1_2 1_2 fusion-one-half fusion-column-first\" style=\"width:48%; margin-right: 4%;margin-top:0px;margin-bottom:20px;\"><div class=\"fusion-column-wrapper fusion-flex-column-wrapper-legacy\" style=\"background-position:left top;background-repeat:no-repeat;-webkit-background-size:cover;-moz-background-size:cover;-o-background-size:cover;background-size:cover;padding: 0px 0px 0px 0px;\"><div class=\"fusion-text fusion-text-1\" style=\"transform:translate3d(0,0,0);\"><h1>Vom Problemfeld zur L\u00f6sung.<\/h1>\n<h2>Der Facilitation Prozess<\/h2>\n<p>Den Anspr\u00fcchen einer hohen Au\u00dfendynamik mit sich schnell wandelnden, \u00a0 Anforderungen, begegnen wir mit einer organischen Vorgehensweise.<\/p>\n<p>Dabei f\u00fchren die einzelnen Arbeitsschritte vom Erkennen und Erkunden des \u00a0 Problemfelds, \u00fcber die Suche nach Handlungsm\u00f6glichkeiten bis zum Finden der \u00a0 L\u00f6sung. Diese Methodik ber\u00fccksichtigt flie\u00dfende \u00dcberg\u00e4nge und es entsteht ein, \u00a0 dem Atmen vergleichbarer Rhythmus, zwischen Erweiterung und Verdichtung, \u00a0 Untersuchung und Ergebnis.<\/p>\n<\/div><div class=\"fusion-clearfix\"><\/div><\/div><\/div><div class=\"fusion-layout-column fusion_builder_column fusion-builder-column-1 fusion_builder_column_1_2 1_2 fusion-one-half fusion-column-last\" style=\"width:48%;margin-top:0px;margin-bottom:20px;\"><div class=\"fusion-column-wrapper fusion-flex-column-wrapper-legacy\" style=\"background-position:left top;background-repeat:no-repeat;-webkit-background-size:cover;-moz-background-size:cover;-o-background-size:cover;background-size:cover;padding: 0px 0px 0px 0px;\"><div class=\"fusion-clearfix\"><\/div><\/div><\/div><\/div><\/div>\n","protected":false},"excerpt":{"rendered":"","protected":false},"author":2,"featured_media":0,"parent":0,"menu_order":0,"comment_status":"closed","ping_status":"closed","template":"","meta":{"footnotes":""},"class_list":["post-12518","page","type-page","status-publish","hentry"],"yoast_head":"<!-- This site is optimized with the Yoast SEO plugin v26.8 - https:\/\/yoast.com\/product\/yoast-seo-wordpress\/ -->\n<title>Breathing cycle - F&amp;O F\u00fchrungskr\u00e4fte- &amp; Organisationsentwicklung<\/title>\n<meta name=\"robots\" content=\"index, follow, max-snippet:-1, max-image-preview:large, max-video-preview:-1\" \/>\n<link rel=\"canonical\" href=\"https:\/\/fpluso.com\/en\/breathing-cycle\/\" \/>\n<meta property=\"og:locale\" content=\"en_US\" \/>\n<meta property=\"og:type\" content=\"article\" \/>\n<meta property=\"og:title\" content=\"Breathing cycle - F&amp;O F\u00fchrungskr\u00e4fte- &amp; Organisationsentwicklung\" \/>\n<meta property=\"og:url\" content=\"https:\/\/fpluso.com\/en\/breathing-cycle\/\" \/>\n<meta property=\"og:site_name\" content=\"F&amp;O F\u00fchrungskr\u00e4fte- &amp; Organisationsentwicklung\" \/>\n<meta property=\"article:modified_time\" content=\"2018-12-31T16:10:06+00:00\" \/>\n<meta name=\"twitter:card\" content=\"summary_large_image\" \/>\n<meta name=\"twitter:label1\" content=\"Est. reading time\" \/>\n\t<meta name=\"twitter:data1\" content=\"1 minute\" \/>\n<script type=\"application\/ld+json\" class=\"yoast-schema-graph\">{\"@context\":\"https:\/\/schema.org\",\"@graph\":[{\"@type\":\"WebPage\",\"@id\":\"https:\/\/fpluso.com\/en\/breathing-cycle\/\",\"url\":\"https:\/\/fpluso.com\/en\/breathing-cycle\/\",\"name\":\"Breathing cycle - F&O F\u00fchrungskr\u00e4fte- & Organisationsentwicklung\",\"isPartOf\":{\"@id\":\"https:\/\/fpluso.com\/en\/#website\"},\"datePublished\":\"2016-06-06T21:07:03+00:00\",\"dateModified\":\"2018-12-31T16:10:06+00:00\",\"breadcrumb\":{\"@id\":\"https:\/\/fpluso.com\/en\/breathing-cycle\/#breadcrumb\"},\"inLanguage\":\"en-US\",\"potentialAction\":[{\"@type\":\"ReadAction\",\"target\":[\"https:\/\/fpluso.com\/en\/breathing-cycle\/\"]}]},{\"@type\":\"BreadcrumbList\",\"@id\":\"https:\/\/fpluso.com\/en\/breathing-cycle\/#breadcrumb\",\"itemListElement\":[{\"@type\":\"ListItem\",\"position\":1,\"name\":\"Startseite\",\"item\":\"https:\/\/fpluso.com\/en\/\"},{\"@type\":\"ListItem\",\"position\":2,\"name\":\"Breathing cycle\"}]},{\"@type\":\"WebSite\",\"@id\":\"https:\/\/fpluso.com\/en\/#website\",\"url\":\"https:\/\/fpluso.com\/en\/\",\"name\":\"F&O F\u00fchrungskr\u00e4fte- & Organisationsentwicklung\",\"description\":\"\",\"potentialAction\":[{\"@type\":\"SearchAction\",\"target\":{\"@type\":\"EntryPoint\",\"urlTemplate\":\"https:\/\/fpluso.com\/en\/?s={search_term_string}\"},\"query-input\":{\"@type\":\"PropertyValueSpecification\",\"valueRequired\":true,\"valueName\":\"search_term_string\"}}],\"inLanguage\":\"en-US\"}]}<\/script>\n<!-- \/ Yoast SEO plugin. -->","yoast_head_json":{"title":"Breathing cycle - F&O F\u00fchrungskr\u00e4fte- & Organisationsentwicklung","robots":{"index":"index","follow":"follow","max-snippet":"max-snippet:-1","max-image-preview":"max-image-preview:large","max-video-preview":"max-video-preview:-1"},"canonical":"https:\/\/fpluso.com\/en\/breathing-cycle\/","og_locale":"en_US","og_type":"article","og_title":"Breathing cycle - F&O F\u00fchrungskr\u00e4fte- & Organisationsentwicklung","og_url":"https:\/\/fpluso.com\/en\/breathing-cycle\/","og_site_name":"F&O F\u00fchrungskr\u00e4fte- & Organisationsentwicklung","article_modified_time":"2018-12-31T16:10:06+00:00","twitter_card":"summary_large_image","twitter_misc":{"Est. reading time":"1 minute"},"schema":{"@context":"https:\/\/schema.org","@graph":[{"@type":"WebPage","@id":"https:\/\/fpluso.com\/en\/breathing-cycle\/","url":"https:\/\/fpluso.com\/en\/breathing-cycle\/","name":"Breathing cycle - F&O F\u00fchrungskr\u00e4fte- & Organisationsentwicklung","isPartOf":{"@id":"https:\/\/fpluso.com\/en\/#website"},"datePublished":"2016-06-06T21:07:03+00:00","dateModified":"2018-12-31T16:10:06+00:00","breadcrumb":{"@id":"https:\/\/fpluso.com\/en\/breathing-cycle\/#breadcrumb"},"inLanguage":"en-US","potentialAction":[{"@type":"ReadAction","target":["https:\/\/fpluso.com\/en\/breathing-cycle\/"]}]},{"@type":"BreadcrumbList","@id":"https:\/\/fpluso.com\/en\/breathing-cycle\/#breadcrumb","itemListElement":[{"@type":"ListItem","position":1,"name":"Startseite","item":"https:\/\/fpluso.com\/en\/"},{"@type":"ListItem","position":2,"name":"Breathing cycle"}]},{"@type":"WebSite","@id":"https:\/\/fpluso.com\/en\/#website","url":"https:\/\/fpluso.com\/en\/","name":"F&O F\u00fchrungskr\u00e4fte- & Organisationsentwicklung","description":"","potentialAction":[{"@type":"SearchAction","target":{"@type":"EntryPoint","urlTemplate":"https:\/\/fpluso.com\/en\/?s={search_term_string}"},"query-input":{"@type":"PropertyValueSpecification","valueRequired":true,"valueName":"search_term_string"}}],"inLanguage":"en-US"}]}},"_links":{"self":[{"href":"https:\/\/fpluso.com\/en\/wp-json\/wp\/v2\/pages\/12518","targetHints":{"allow":["GET"]}}],"collection":[{"href":"https:\/\/fpluso.com\/en\/wp-json\/wp\/v2\/pages"}],"about":[{"href":"https:\/\/fpluso.com\/en\/wp-json\/wp\/v2\/types\/page"}],"author":[{"embeddable":true,"href":"https:\/\/fpluso.com\/en\/wp-json\/wp\/v2\/users\/2"}],"replies":[{"embeddable":true,"href":"https:\/\/fpluso.com\/en\/wp-json\/wp\/v2\/comments?post=12518"}],"version-history":[{"count":1,"href":"https:\/\/fpluso.com\/en\/wp-json\/wp\/v2\/pages\/12518\/revisions"}],"predecessor-version":[{"id":13371,"href":"https:\/\/fpluso.com\/en\/wp-json\/wp\/v2\/pages\/12518\/revisions\/13371"}],"wp:attachment":[{"href":"https:\/\/fpluso.com\/en\/wp-json\/wp\/v2\/media?parent=12518"}],"curies":[{"name":"wp","href":"https:\/\/api.w.org\/{rel}","templated":true}]}}

<div class="fusion-fullwidth fullwidth-box fusion-builder-row-1 nonhundred-percent-fullwidth non-hundred-percent-height-scrolling" style="background-color: #FFFFFF;background-position: left top;background-repeat: no-repeat;padding-top:20px;padding-right:0px;padding-bottom:20px;padding-left:0px;margin-bottom: 0px;margin-top: 0px;border-width: 0px 0px 0px 0px;border-color:#EAE9E9;border-style:solid;" ><div class="fusion-builder-row fusion-row"><div class="fusion-layout-column fusion_builder_column fusion-builder-column-0 fusion_builder_column_1_2 1_2 fusion-one-half fusion-column-first" style="width:48%; margin-right: 4%;margin-top:0px;margin-bottom:20px;"><div class="fusion-column-wrapper fusion-flex-column-wrapper-legacy" style="background-position:left top;background-repeat:no-repeat;-webkit-background-size:cover;-moz-background-size:cover;-o-background-size:cover;background-size:cover;padding: 0px 0px 0px 0px;"><div class="fusion-text fusion-text-1" style="transform:translate3d(0,0,0);"><h1>Vom Problemfeld zur Lösung.</h1>
<h2>Der Facilitation Prozess</h2>
<p>Den Ansprüchen einer hohen Außendynamik mit sich schnell wandelnden,   Anforderungen, begegnen wir mit einer organischen Vorgehensweise.</p>
<p>Dabei führen die einzelnen Arbeitsschritte vom Erkennen und Erkunden des   Problemfelds, über die Suche nach Handlungsmöglichkeiten bis zum Finden der   Lösung. Diese Methodik berücksichtigt fließende Übergänge und es entsteht ein,   dem Atmen vergleichbarer Rhythmus, zwischen Erweiterung und Verdichtung,   Untersuchung und Ergebnis.</p>
</div><div class="fusion-clearfix"></div></div></div><div class="fusion-layout-column fusion_builder_column fusion-builder-column-1 fusion_builder_column_1_2 1_2 fusion-one-half fusion-column-last" style="width:48%;margin-top:0px;margin-bottom:20px;"><div class="fusion-column-wrapper fusion-flex-column-wrapper-legacy" style="background-position:left top;background-repeat:no-repeat;-webkit-background-size:cover;-moz-background-size:cover;-o-background-size:cover;background-size:cover;padding: 0px 0px 0px 0px;"><div class="fusion-clearfix"></div></div></div></div></div>

<!-- This site is optimized with the Yoast SEO plugin v26.8 - https://yoast.com/product/yoast-seo-wordpress/ -->
<title>Breathing cycle - F&amp;O Führungskräfte- &amp; Organisationsentwicklung</title>
<meta name="robots" content="index, follow, max-snippet:-1, max-image-preview:large, max-video-preview:-1" />
<link rel="canonical" href="https://fpluso.com/en/breathing-cycle/" />
<meta property="og:locale" content="en_US" />
<meta property="og:type" content="article" />
<meta property="og:title" content="Breathing cycle - F&amp;O Führungskräfte- &amp; Organisationsentwicklung" />
<meta property="og:url" content="https://fpluso.com/en/breathing-cycle/" />
<meta property="og:site_name" content="F&amp;O Führungskräfte- &amp; Organisationsentwicklung" />
<meta property="article:modified_time" content="2018-12-31T16:10:06+00:00" />
<meta name="twitter:card" content="summary_large_image" />
<meta name="twitter:label1" content="Est. reading time" />
	<meta name="twitter:data1" content="1 minute" />
<script type="application/ld+json" class="yoast-schema-graph">{"@context":"https://schema.org","@graph":[{"@type":"WebPage","@id":"https://fpluso.com/en/breathing-cycle/","url":"https://fpluso.com/en/breathing-cycle/","name":"Breathing cycle - F&O Führungskräfte- & Organisationsentwicklung","isPartOf":{"@id":"https://fpluso.com/en/#website"},"datePublished":"2016-06-06T21:07:03+00:00","dateModified":"2018-12-31T16:10:06+00:00","breadcrumb":{"@id":"https://fpluso.com/en/breathing-cycle/#breadcrumb"},"inLanguage":"en-US","potentialAction":[{"@type":"ReadAction","target":["https://fpluso.com/en/breathing-cycle/"]}]},{"@type":"BreadcrumbList","@id":"https://fpluso.com/en/breathing-cycle/#breadcrumb","itemListElement":[{"@type":"ListItem","position":1,"name":"Startseite","item":"https://fpluso.com/en/"},{"@type":"ListItem","position":2,"name":"Breathing cycle"}]},{"@type":"WebSite","@id":"https://fpluso.com/en/#website","url":"https://fpluso.com/en/","name":"F&O Führungskräfte- & Organisationsentwicklung","description":"","potentialAction":[{"@type":"SearchAction","target":{"@type":"EntryPoint","urlTemplate":"https://fpluso.com/en/?s={search_term_string}"},"query-input":{"@type":"PropertyValueSpecification","valueRequired":true,"valueName":"search_term_string"}}],"inLanguage":"en-US"}]}</script>
<!-- / Yoast SEO plugin. -->

Breathing cycle - F&O Führungskräfte- & Organisationsentwicklung

F&O Führungskräfte- & Organisationsentwicklung
