{"version":"1.0","provider_name":"F&O F\u00fchrungskr\u00e4fte- & Organisationsentwicklung","provider_url":"https:\/\/fpluso.com\/en\/","author_name":"Esther","author_url":"https:\/\/fpluso.com\/en\/author\/esther\/","title":"Scham \u2013 die tabuisierte Emotion - F&O F\u00fchrungskr\u00e4fte- & Organisationsentwicklung","type":"rich","width":600,"height":338,"html":"<blockquote class=\"wp-embedded-content\" data-secret=\"u5xP7ws3GC\"><a href=\"https:\/\/fpluso.com\/en\/scham-die-tabuisierte-emotion\/\">Scham \u2013 die tabuisierte Emotion<\/a><\/blockquote><iframe sandbox=\"allow-scripts\" security=\"restricted\" src=\"https:\/\/fpluso.com\/en\/scham-die-tabuisierte-emotion\/embed\/#?secret=u5xP7ws3GC\" width=\"600\" height=\"338\" title=\"&#8220;Scham \u2013 die tabuisierte Emotion&#8221; &#8212; F&amp;O F\u00fchrungskr\u00e4fte- &amp; Organisationsentwicklung\" data-secret=\"u5xP7ws3GC\" frameborder=\"0\" marginwidth=\"0\" marginheight=\"0\" scrolling=\"no\" class=\"wp-embedded-content\"><\/iframe><script type=\"text\/javascript\">\n\/* <![CDATA[ *\/\n\/*! This file is auto-generated *\/\n!function(d,l){\"use strict\";l.querySelector&&d.addEventListener&&\"undefined\"!=typeof URL&&(d.wp=d.wp||{},d.wp.receiveEmbedMessage||(d.wp.receiveEmbedMessage=function(e){var t=e.data;if((t||t.secret||t.message||t.value)&&!\/[^a-zA-Z0-9]\/.test(t.secret)){for(var s,r,n,a=l.querySelectorAll('iframe[data-secret=\"'+t.secret+'\"]'),o=l.querySelectorAll('blockquote[data-secret=\"'+t.secret+'\"]'),c=new RegExp(\"^https?:$\",\"i\"),i=0;i<o.length;i++)o[i].style.display=\"none\";for(i=0;i<a.length;i++)s=a[i],e.source===s.contentWindow&&(s.removeAttribute(\"style\"),\"height\"===t.message?(1e3<(r=parseInt(t.value,10))?r=1e3:~~r<200&&(r=200),s.height=r):\"link\"===t.message&&(r=new URL(s.getAttribute(\"src\")),n=new URL(t.value),c.test(n.protocol))&&n.host===r.host&&l.activeElement===s&&(d.top.location.href=t.value))}},d.addEventListener(\"message\",d.wp.receiveEmbedMessage,!1),l.addEventListener(\"DOMContentLoaded\",function(){for(var e,t,s=l.querySelectorAll(\"iframe.wp-embedded-content\"),r=0;r<s.length;r++)(t=(e=s[r]).getAttribute(\"data-secret\"))||(t=Math.random().toString(36).substring(2,12),e.src+=\"#?secret=\"+t,e.setAttribute(\"data-secret\",t)),e.contentWindow.postMessage({message:\"ready\",secret:t},\"*\")},!1)))}(window,document);\n\/\/# sourceURL=https:\/\/fpluso.com\/wp-includes\/js\/wp-embed.min.js\n\/* ]]> *\/\n<\/script>\n","thumbnail_url":"https:\/\/fpluso.com\/wp-content\/uploads\/2020\/02\/scham_1.jpg","thumbnail_width":960,"thumbnail_height":713,"description":"Scham ist neben Angst, Freude, Traurigkeit und Wut eine Basisemotion, die allerdings weder im sozialen noch im wirtschaftlichen Kontext bisher gro\u00dfe Beachtung findet. Scham kann man sich dabei wie ein Gef\u00e4\u00df vorstellen, was jeder von uns besitzt und wo sich Scham ansammelt. Wenn es voll ist, Menschen also zu sehr besch\u00e4mt wurden, l\u00e4uft es \u00fcber und [&hellip;]"}

F&O Führungskräfte- & Organisationsentwicklung

Scham – die tabuisierte Emotion - F&O Führungskräfte- & Organisationsentwicklung

<blockquote class="wp-embedded-content" data-secret="u5xP7ws3GC"><a href="https://fpluso.com/en/scham-die-tabuisierte-emotion/">Scham – die tabuisierte Emotion</a></blockquote><iframe sandbox="allow-scripts" security="restricted" src="https://fpluso.com/en/scham-die-tabuisierte-emotion/embed/#?secret=u5xP7ws3GC" width="600" height="338" title="&#8220;Scham – die tabuisierte Emotion&#8221; &#8212; F&amp;O Führungskräfte- &amp; Organisationsentwicklung" data-secret="u5xP7ws3GC" frameborder="0" marginwidth="0" marginheight="0" scrolling="no" class="wp-embedded-content"></iframe><script type="text/javascript">
/* <![CDATA[ */
/*! This file is auto-generated */
!function(d,l){"use strict";l.querySelector&&d.addEventListener&&"undefined"!=typeof URL&&(d.wp=d.wp||{},d.wp.receiveEmbedMessage||(d.wp.receiveEmbedMessage=function(e){var t=e.data;if((t||t.secret||t.message||t.value)&&!/[^a-zA-Z0-9]/.test(t.secret)){for(var s,r,n,a=l.querySelectorAll('iframe[data-secret="'+t.secret+'"]'),o=l.querySelectorAll('blockquote[data-secret="'+t.secret+'"]'),c=new RegExp("^https?:$","i"),i=0;i<o.length;i++)o[i].style.display="none";for(i=0;i<a.length;i++)s=a[i],e.source===s.contentWindow&&(s.removeAttribute("style"),"height"===t.message?(1e3<(r=parseInt(t.value,10))?r=1e3:~~r<200&&(r=200),s.height=r):"link"===t.message&&(r=new URL(s.getAttribute("src")),n=new URL(t.value),c.test(n.protocol))&&n.host===r.host&&l.activeElement===s&&(d.top.location.href=t.value))}},d.addEventListener("message",d.wp.receiveEmbedMessage,!1),l.addEventListener("DOMContentLoaded",function(){for(var e,t,s=l.querySelectorAll("iframe.wp-embedded-content"),r=0;r<s.length;r++)(t=(e=s[r]).getAttribute("data-secret"))||(t=Math.random().toString(36).substring(2,12),e.src+="#?secret="+t,e.setAttribute("data-secret",t)),e.contentWindow.postMessage({message:"ready",secret:t},"*")},!1)))}(window,document);
//# sourceURL=https://fpluso.com/wp-includes/js/wp-embed.min.js
/* ]]> */
</script>

Scham ist neben Angst, Freude, Traurigkeit und Wut eine Basisemotion, die allerdings weder im sozialen noch im wirtschaftlichen Kontext bisher große Beachtung findet. Scham kann man sich dabei wie ein Gefäß vorstellen, was jeder von uns besitzt und wo sich Scham ansammelt. Wenn es voll ist, Menschen also zu sehr beschämt wurden, läuft es über und [&hellip;]
